{"id":945,"date":"2024-06-05T11:48:41","date_gmt":"2024-06-05T11:48:41","guid":{"rendered":"http:\/\/jorgejimenez.es\/?page_id=945"},"modified":"2024-06-07T19:38:03","modified_gmt":"2024-06-07T19:38:03","slug":"sobre-mi","status":"publish","type":"page","link":"https:\/\/jorgejimenez.es\/index.php\/sobre-mi\/","title":{"rendered":"Sobre m\u00ed"},"content":{"rendered":"\t\t<div data-elementor-type=\"wp-page\" data-elementor-id=\"945\" class=\"elementor elementor-945\">\n\t\t\t\t<div class=\"elementor-element elementor-element-bc49670 e-grid e-con-boxed e-con e-parent\" data-id=\"bc49670\" data-element_type=\"container\">\n\t\t\t\t\t<div class=\"e-con-inner\">\n\t\t\t\t<div class=\"elementor-element elementor-element-2eaac40 elementor-widget__width-initial elementor-widget elementor-widget-heading\" data-id=\"2eaac40\" data-element_type=\"widget\" data-widget_type=\"heading.default\">\n\t\t\t\t<div class=\"elementor-widget-container\">\n\t\t\t<style>\/*! elementor - v3.21.0 - 15-04-2024 *\/\n.elementor-heading-title{padding:0;margin:0;line-height:1}.elementor-widget-heading .elementor-heading-title[class*=elementor-size-]>a{color:inherit;font-size:inherit;line-height:inherit}.elementor-widget-heading .elementor-heading-title.elementor-size-small{font-size:15px}.elementor-widget-heading .elementor-heading-title.elementor-size-medium{font-size:19px}.elementor-widget-heading .elementor-heading-title.elementor-size-large{font-size:29px}.elementor-widget-heading .elementor-heading-title.elementor-size-xl{font-size:39px}.elementor-widget-heading .elementor-heading-title.elementor-size-xxl{font-size:59px}<\/style><h2 class=\"elementor-heading-title elementor-size-default\">Hola!<\/h2>\t\t<\/div>\n\t\t\t\t<\/div>\n\t\t\t\t<div class=\"elementor-element elementor-element-4302170 elementor-widget elementor-widget-image\" data-id=\"4302170\" data-element_type=\"widget\" data-widget_type=\"image.default\">\n\t\t\t\t<div class=\"elementor-widget-container\">\n\t\t\t<style>\/*! elementor - v3.21.0 - 15-04-2024 *\/\n.elementor-widget-image{text-align:center}.elementor-widget-image a{display:inline-block}.elementor-widget-image a img[src$=\".svg\"]{width:48px}.elementor-widget-image img{vertical-align:middle;display:inline-block}<\/style>\t\t\t\t\t\t\t\t\t\t<img fetchpriority=\"high\" decoding=\"async\" width=\"669\" height=\"700\" src=\"https:\/\/jorgejimenez.es\/wp-content\/uploads\/2024\/06\/Ilustracion-Sobre-mi-1.png\" class=\"attachment-large size-large wp-image-974\" alt=\"\" srcset=\"https:\/\/jorgejimenez.es\/wp-content\/uploads\/2024\/06\/Ilustracion-Sobre-mi-1.png 669w, https:\/\/jorgejimenez.es\/wp-content\/uploads\/2024\/06\/Ilustracion-Sobre-mi-1-287x300.png 287w, https:\/\/jorgejimenez.es\/wp-content\/uploads\/2024\/06\/Ilustracion-Sobre-mi-1-230x241.png 230w, https:\/\/jorgejimenez.es\/wp-content\/uploads\/2024\/06\/Ilustracion-Sobre-mi-1-350x366.png 350w, https:\/\/jorgejimenez.es\/wp-content\/uploads\/2024\/06\/Ilustracion-Sobre-mi-1-480x502.png 480w\" sizes=\"(max-width: 669px) 100vw, 669px\" \/>\t\t\t\t\t\t\t\t\t\t\t\t\t<\/div>\n\t\t\t\t<\/div>\n\t\t\t\t\t<\/div>\n\t\t\t\t<\/div>\n\t\t<div class=\"elementor-element elementor-element-ed4ece1 e-con-full e-flex e-con e-parent\" data-id=\"ed4ece1\" data-element_type=\"container\">\n\t\t\t\t<div class=\"elementor-element elementor-element-24ae830 elementor-widget elementor-widget-text-editor\" data-id=\"24ae830\" data-element_type=\"widget\" data-widget_type=\"text-editor.default\">\n\t\t\t\t<div class=\"elementor-widget-container\">\n\t\t\t<style>\/*! elementor - v3.21.0 - 15-04-2024 *\/\n.elementor-widget-text-editor.elementor-drop-cap-view-stacked .elementor-drop-cap{background-color:#69727d;color:#fff}.elementor-widget-text-editor.elementor-drop-cap-view-framed .elementor-drop-cap{color:#69727d;border:3px solid;background-color:transparent}.elementor-widget-text-editor:not(.elementor-drop-cap-view-default) .elementor-drop-cap{margin-top:8px}.elementor-widget-text-editor:not(.elementor-drop-cap-view-default) .elementor-drop-cap-letter{width:1em;height:1em}.elementor-widget-text-editor .elementor-drop-cap{float:left;text-align:center;line-height:1;font-size:50px}.elementor-widget-text-editor .elementor-drop-cap-letter{display:inline-block}<\/style>\t\t\t\t<p>Soy Jorge Jim\u00e9nez, tengo 22 a\u00f1os y actualmente estudio dise\u00f1o gr\u00e1fico en Granada.<\/p><p>En mi portfolio puedes ver trabajos realizados para mis estudios y otros por cuenta propia.<\/p><p>No dudes en escribirme en la p\u00e1gina de <a href=\"https:\/\/jorgejimenez.es\/index.php\/contacto\/\">contacto<\/a> o en mis redes sociales si quieres trabajar juntos.<\/p>\t\t\t\t\t\t<\/div>\n\t\t\t\t<\/div>\n\t\t\t\t<\/div>\n\t\t<div class=\"elementor-element elementor-element-af47d2b e-flex e-con-boxed e-con e-parent\" data-id=\"af47d2b\" data-element_type=\"container\">\n\t\t\t\t\t<div class=\"e-con-inner\">\n\t\t\t\t<div class=\"elementor-element elementor-element-9ea48b4 elementor-widget elementor-widget-spacer\" data-id=\"9ea48b4\" data-element_type=\"widget\" data-widget_type=\"spacer.default\">\n\t\t\t\t<div class=\"elementor-widget-container\">\n\t\t\t<style>\/*! elementor - v3.21.0 - 15-04-2024 *\/\n.elementor-column .elementor-spacer-inner{height:var(--spacer-size)}.e-con{--container-widget-width:100%}.e-con-inner>.elementor-widget-spacer,.e-con>.elementor-widget-spacer{width:var(--container-widget-width,var(--spacer-size));--align-self:var(--container-widget-align-self,initial);--flex-shrink:0}.e-con-inner>.elementor-widget-spacer>.elementor-widget-container,.e-con>.elementor-widget-spacer>.elementor-widget-container{height:100%;width:100%}.e-con-inner>.elementor-widget-spacer>.elementor-widget-container>.elementor-spacer,.e-con>.elementor-widget-spacer>.elementor-widget-container>.elementor-spacer{height:100%}.e-con-inner>.elementor-widget-spacer>.elementor-widget-container>.elementor-spacer>.elementor-spacer-inner,.e-con>.elementor-widget-spacer>.elementor-widget-container>.elementor-spacer>.elementor-spacer-inner{height:var(--container-widget-height,var(--spacer-size))}.e-con-inner>.elementor-widget-spacer.elementor-widget-empty,.e-con>.elementor-widget-spacer.elementor-widget-empty{position:relative;min-height:22px;min-width:22px}.e-con-inner>.elementor-widget-spacer.elementor-widget-empty .elementor-widget-empty-icon,.e-con>.elementor-widget-spacer.elementor-widget-empty .elementor-widget-empty-icon{position:absolute;top:0;bottom:0;left:0;right:0;margin:auto;padding:0;width:22px;height:22px}<\/style>\t\t<div class=\"elementor-spacer\">\n\t\t\t<div class=\"elementor-spacer-inner\"><\/div>\n\t\t<\/div>\n\t\t\t\t<\/div>\n\t\t\t\t<\/div>\n\t\t\t\t\t<\/div>\n\t\t\t\t<\/div>\n\t\t\t\t<\/div>\n\t\t","protected":false},"excerpt":{"rendered":"<p>Hola! Soy Jorge Jim\u00e9nez, tengo 22 a\u00f1os y actualmente estudio dise\u00f1o gr\u00e1fico en Granada. En mi portfolio puedes ver [&hellip;]<\/p>\n","protected":false},"author":1,"featured_media":0,"parent":0,"menu_order":0,"comment_status":"closed","ping_status":"closed","template":"elementor_header_footer","meta":{"footnotes":""},"class_list":["post-945","page","type-page","status-publish","hentry"],"yoast_head":"<!-- This site is optimized with the Yoast SEO plugin v22.4 - https:\/\/yoast.com\/wordpress\/plugins\/seo\/ -->\n<title>Sobre m\u00ed - Jorge Jimenez<\/title>\n<meta name=\"robots\" content=\"index, follow, max-snippet:-1, max-image-preview:large, max-video-preview:-1\" \/>\n<link rel=\"canonical\" href=\"https:\/\/jorgejimenez.es\/index.php\/sobre-mi\/\" \/>\n<meta property=\"og:locale\" content=\"es_ES\" \/>\n<meta property=\"og:type\" content=\"article\" \/>\n<meta property=\"og:title\" content=\"Sobre m\u00ed - Jorge Jimenez\" \/>\n<meta property=\"og:description\" content=\"Hola! Soy Jorge Jim\u00e9nez, tengo 22 a\u00f1os y actualmente estudio dise\u00f1o gr\u00e1fico en Granada. En mi portfolio puedes ver [&hellip;]\" \/>\n<meta property=\"og:url\" content=\"https:\/\/jorgejimenez.es\/index.php\/sobre-mi\/\" \/>\n<meta property=\"og:site_name\" content=\"Jorge Jimenez\" \/>\n<meta property=\"article:modified_time\" content=\"2024-06-07T19:38:03+00:00\" \/>\n<meta property=\"og:image\" content=\"http:\/\/jorgejimenez.es\/wp-content\/uploads\/2024\/06\/Ilustracion-Sobre-mi-1.png\" \/>\n<meta name=\"twitter:card\" content=\"summary_large_image\" \/>\n<meta name=\"twitter:label1\" content=\"Tiempo de lectura\" \/>\n\t<meta name=\"twitter:data1\" content=\"1 minuto\" \/>\n<script type=\"application\/ld+json\" class=\"yoast-schema-graph\">{\"@context\":\"https:\/\/schema.org\",\"@graph\":[{\"@type\":\"WebPage\",\"@id\":\"https:\/\/jorgejimenez.es\/index.php\/sobre-mi\/\",\"url\":\"https:\/\/jorgejimenez.es\/index.php\/sobre-mi\/\",\"name\":\"Sobre m\u00ed - Jorge Jimenez\",\"isPartOf\":{\"@id\":\"https:\/\/jorgejimenez.es\/#website\"},\"primaryImageOfPage\":{\"@id\":\"https:\/\/jorgejimenez.es\/index.php\/sobre-mi\/#primaryimage\"},\"image\":{\"@id\":\"https:\/\/jorgejimenez.es\/index.php\/sobre-mi\/#primaryimage\"},\"thumbnailUrl\":\"http:\/\/jorgejimenez.es\/wp-content\/uploads\/2024\/06\/Ilustracion-Sobre-mi-1.png\",\"datePublished\":\"2024-06-05T11:48:41+00:00\",\"dateModified\":\"2024-06-07T19:38:03+00:00\",\"breadcrumb\":{\"@id\":\"https:\/\/jorgejimenez.es\/index.php\/sobre-mi\/#breadcrumb\"},\"inLanguage\":\"es\",\"potentialAction\":[{\"@type\":\"ReadAction\",\"target\":[\"https:\/\/jorgejimenez.es\/index.php\/sobre-mi\/\"]}]},{\"@type\":\"ImageObject\",\"inLanguage\":\"es\",\"@id\":\"https:\/\/jorgejimenez.es\/index.php\/sobre-mi\/#primaryimage\",\"url\":\"https:\/\/jorgejimenez.es\/wp-content\/uploads\/2024\/06\/Ilustracion-Sobre-mi-1.png\",\"contentUrl\":\"https:\/\/jorgejimenez.es\/wp-content\/uploads\/2024\/06\/Ilustracion-Sobre-mi-1.png\",\"width\":669,\"height\":700},{\"@type\":\"BreadcrumbList\",\"@id\":\"https:\/\/jorgejimenez.es\/index.php\/sobre-mi\/#breadcrumb\",\"itemListElement\":[{\"@type\":\"ListItem\",\"position\":1,\"name\":\"Portada\",\"item\":\"https:\/\/jorgejimenez.es\/\"},{\"@type\":\"ListItem\",\"position\":2,\"name\":\"Sobre m\u00ed\"}]},{\"@type\":\"WebSite\",\"@id\":\"https:\/\/jorgejimenez.es\/#website\",\"url\":\"https:\/\/jorgejimenez.es\/\",\"name\":\"JorgeJimenez\",\"description\":\"\",\"publisher\":{\"@id\":\"https:\/\/jorgejimenez.es\/#\/schema\/person\/f90c6e501ff2468af25d6d56c95bce40\"},\"potentialAction\":[{\"@type\":\"SearchAction\",\"target\":{\"@type\":\"EntryPoint\",\"urlTemplate\":\"https:\/\/jorgejimenez.es\/?s={search_term_string}\"},\"query-input\":\"required name=search_term_string\"}],\"inLanguage\":\"es\"},{\"@type\":[\"Person\",\"Organization\"],\"@id\":\"https:\/\/jorgejimenez.es\/#\/schema\/person\/f90c6e501ff2468af25d6d56c95bce40\",\"name\":\"admin\",\"image\":{\"@type\":\"ImageObject\",\"inLanguage\":\"es\",\"@id\":\"https:\/\/jorgejimenez.es\/#\/schema\/person\/image\/\",\"url\":\"http:\/\/jorgejimenez.es\/wp-content\/uploads\/2024\/04\/cropped-Logo-fabicon-512px.jpg\",\"contentUrl\":\"http:\/\/jorgejimenez.es\/wp-content\/uploads\/2024\/04\/cropped-Logo-fabicon-512px.jpg\",\"width\":512,\"height\":512,\"caption\":\"admin\"},\"logo\":{\"@id\":\"https:\/\/jorgejimenez.es\/#\/schema\/person\/image\/\"},\"sameAs\":[\"http:\/\/jorgejimenez.es\"]}]}<\/script>\n<!-- \/ Yoast SEO plugin. -->","yoast_head_json":{"title":"Sobre m\u00ed - Jorge Jimenez","robots":{"index":"index","follow":"follow","max-snippet":"max-snippet:-1","max-image-preview":"max-image-preview:large","max-video-preview":"max-video-preview:-1"},"canonical":"https:\/\/jorgejimenez.es\/index.php\/sobre-mi\/","og_locale":"es_ES","og_type":"article","og_title":"Sobre m\u00ed - Jorge Jimenez","og_description":"Hola! Soy Jorge Jim\u00e9nez, tengo 22 a\u00f1os y actualmente estudio dise\u00f1o gr\u00e1fico en Granada. En mi portfolio puedes ver [&hellip;]","og_url":"https:\/\/jorgejimenez.es\/index.php\/sobre-mi\/","og_site_name":"Jorge Jimenez","article_modified_time":"2024-06-07T19:38:03+00:00","og_image":[{"url":"http:\/\/jorgejimenez.es\/wp-content\/uploads\/2024\/06\/Ilustracion-Sobre-mi-1.png"}],"twitter_card":"summary_large_image","twitter_misc":{"Tiempo de lectura":"1 minuto"},"schema":{"@context":"https:\/\/schema.org","@graph":[{"@type":"WebPage","@id":"https:\/\/jorgejimenez.es\/index.php\/sobre-mi\/","url":"https:\/\/jorgejimenez.es\/index.php\/sobre-mi\/","name":"Sobre m\u00ed - Jorge Jimenez","isPartOf":{"@id":"https:\/\/jorgejimenez.es\/#website"},"primaryImageOfPage":{"@id":"https:\/\/jorgejimenez.es\/index.php\/sobre-mi\/#primaryimage"},"image":{"@id":"https:\/\/jorgejimenez.es\/index.php\/sobre-mi\/#primaryimage"},"thumbnailUrl":"http:\/\/jorgejimenez.es\/wp-content\/uploads\/2024\/06\/Ilustracion-Sobre-mi-1.png","datePublished":"2024-06-05T11:48:41+00:00","dateModified":"2024-06-07T19:38:03+00:00","breadcrumb":{"@id":"https:\/\/jorgejimenez.es\/index.php\/sobre-mi\/#breadcrumb"},"inLanguage":"es","potentialAction":[{"@type":"ReadAction","target":["https:\/\/jorgejimenez.es\/index.php\/sobre-mi\/"]}]},{"@type":"ImageObject","inLanguage":"es","@id":"https:\/\/jorgejimenez.es\/index.php\/sobre-mi\/#primaryimage","url":"https:\/\/jorgejimenez.es\/wp-content\/uploads\/2024\/06\/Ilustracion-Sobre-mi-1.png","contentUrl":"https:\/\/jorgejimenez.es\/wp-content\/uploads\/2024\/06\/Ilustracion-Sobre-mi-1.png","width":669,"height":700},{"@type":"BreadcrumbList","@id":"https:\/\/jorgejimenez.es\/index.php\/sobre-mi\/#breadcrumb","itemListElement":[{"@type":"ListItem","position":1,"name":"Portada","item":"https:\/\/jorgejimenez.es\/"},{"@type":"ListItem","position":2,"name":"Sobre m\u00ed"}]},{"@type":"WebSite","@id":"https:\/\/jorgejimenez.es\/#website","url":"https:\/\/jorgejimenez.es\/","name":"JorgeJimenez","description":"","publisher":{"@id":"https:\/\/jorgejimenez.es\/#\/schema\/person\/f90c6e501ff2468af25d6d56c95bce40"},"potentialAction":[{"@type":"SearchAction","target":{"@type":"EntryPoint","urlTemplate":"https:\/\/jorgejimenez.es\/?s={search_term_string}"},"query-input":"required name=search_term_string"}],"inLanguage":"es"},{"@type":["Person","Organization"],"@id":"https:\/\/jorgejimenez.es\/#\/schema\/person\/f90c6e501ff2468af25d6d56c95bce40","name":"admin","image":{"@type":"ImageObject","inLanguage":"es","@id":"https:\/\/jorgejimenez.es\/#\/schema\/person\/image\/","url":"http:\/\/jorgejimenez.es\/wp-content\/uploads\/2024\/04\/cropped-Logo-fabicon-512px.jpg","contentUrl":"http:\/\/jorgejimenez.es\/wp-content\/uploads\/2024\/04\/cropped-Logo-fabicon-512px.jpg","width":512,"height":512,"caption":"admin"},"logo":{"@id":"https:\/\/jorgejimenez.es\/#\/schema\/person\/image\/"},"sameAs":["http:\/\/jorgejimenez.es"]}]}},"_links":{"self":[{"href":"https:\/\/jorgejimenez.es\/index.php\/wp-json\/wp\/v2\/pages\/945"}],"collection":[{"href":"https:\/\/jorgejimenez.es\/index.php\/wp-json\/wp\/v2\/pages"}],"about":[{"href":"https:\/\/jorgejimenez.es\/index.php\/wp-json\/wp\/v2\/types\/page"}],"author":[{"embeddable":true,"href":"https:\/\/jorgejimenez.es\/index.php\/wp-json\/wp\/v2\/users\/1"}],"replies":[{"embeddable":true,"href":"https:\/\/jorgejimenez.es\/index.php\/wp-json\/wp\/v2\/comments?post=945"}],"version-history":[{"count":149,"href":"https:\/\/jorgejimenez.es\/index.php\/wp-json\/wp\/v2\/pages\/945\/revisions"}],"predecessor-version":[{"id":1627,"href":"https:\/\/jorgejimenez.es\/index.php\/wp-json\/wp\/v2\/pages\/945\/revisions\/1627"}],"wp:attachment":[{"href":"https:\/\/jorgejimenez.es\/index.php\/wp-json\/wp\/v2\/media?parent=945"}],"curies":[{"name":"wp","href":"https:\/\/api.w.org\/{rel}","templated":true}]}}