{"id":1334,"date":"2024-06-07T14:49:01","date_gmt":"2024-06-07T14:49:01","guid":{"rendered":"http:\/\/jorgejimenez.es\/?page_id=1334"},"modified":"2024-10-28T18:27:00","modified_gmt":"2024-10-28T18:27:00","slug":"carteleria","status":"publish","type":"page","link":"https:\/\/jorgejimenez.es\/index.php\/carteleria\/","title":{"rendered":"Carteler\u00eda"},"content":{"rendered":"\t\t<div data-elementor-type=\"wp-page\" data-elementor-id=\"1334\" class=\"elementor elementor-1334\">\n\t\t\t\t<div class=\"elementor-element elementor-element-ae5491c e-flex e-con-boxed e-con e-parent\" data-id=\"ae5491c\" data-element_type=\"container\">\n\t\t\t\t\t<div class=\"e-con-inner\">\n\t\t\t\t<div class=\"elementor-element elementor-element-4f7cfb3 elementor-widget elementor-widget-heading\" data-id=\"4f7cfb3\" data-element_type=\"widget\" data-widget_type=\"heading.default\">\n\t\t\t\t<div class=\"elementor-widget-container\">\n\t\t\t<style>\/*! elementor - v3.21.0 - 15-04-2024 *\/\n.elementor-heading-title{padding:0;margin:0;line-height:1}.elementor-widget-heading .elementor-heading-title[class*=elementor-size-]>a{color:inherit;font-size:inherit;line-height:inherit}.elementor-widget-heading .elementor-heading-title.elementor-size-small{font-size:15px}.elementor-widget-heading .elementor-heading-title.elementor-size-medium{font-size:19px}.elementor-widget-heading .elementor-heading-title.elementor-size-large{font-size:29px}.elementor-widget-heading .elementor-heading-title.elementor-size-xl{font-size:39px}.elementor-widget-heading .elementor-heading-title.elementor-size-xxl{font-size:59px}<\/style><h2 class=\"elementor-heading-title elementor-size-default\">Carteler\u00eda<\/h2>\t\t<\/div>\n\t\t\t\t<\/div>\n\t\t\t\t\t<\/div>\n\t\t\t\t<\/div>\n\t\t<div class=\"elementor-element elementor-element-b8f1f1b e-flex e-con-boxed e-con e-parent\" data-id=\"b8f1f1b\" data-element_type=\"container\">\n\t\t\t\t\t<div class=\"e-con-inner\">\n\t\t\t\t<div class=\"elementor-element elementor-element-f4d30ef elementor-widget-divider--view-line elementor-widget elementor-widget-divider\" data-id=\"f4d30ef\" data-element_type=\"widget\" data-widget_type=\"divider.default\">\n\t\t\t\t<div class=\"elementor-widget-container\">\n\t\t\t<style>\/*! elementor - v3.21.0 - 15-04-2024 *\/\n.elementor-widget-divider{--divider-border-style:none;--divider-border-width:1px;--divider-color:#0c0d0e;--divider-icon-size:20px;--divider-element-spacing:10px;--divider-pattern-height:24px;--divider-pattern-size:20px;--divider-pattern-url:none;--divider-pattern-repeat:repeat-x}.elementor-widget-divider .elementor-divider{display:flex}.elementor-widget-divider .elementor-divider__text{font-size:15px;line-height:1;max-width:95%}.elementor-widget-divider .elementor-divider__element{margin:0 var(--divider-element-spacing);flex-shrink:0}.elementor-widget-divider .elementor-icon{font-size:var(--divider-icon-size)}.elementor-widget-divider .elementor-divider-separator{display:flex;margin:0;direction:ltr}.elementor-widget-divider--view-line_icon .elementor-divider-separator,.elementor-widget-divider--view-line_text .elementor-divider-separator{align-items:center}.elementor-widget-divider--view-line_icon .elementor-divider-separator:after,.elementor-widget-divider--view-line_icon .elementor-divider-separator:before,.elementor-widget-divider--view-line_text .elementor-divider-separator:after,.elementor-widget-divider--view-line_text .elementor-divider-separator:before{display:block;content:\"\";border-block-end:0;flex-grow:1;border-block-start:var(--divider-border-width) var(--divider-border-style) var(--divider-color)}.elementor-widget-divider--element-align-left .elementor-divider .elementor-divider-separator>.elementor-divider__svg:first-of-type{flex-grow:0;flex-shrink:100}.elementor-widget-divider--element-align-left .elementor-divider-separator:before{content:none}.elementor-widget-divider--element-align-left .elementor-divider__element{margin-left:0}.elementor-widget-divider--element-align-right .elementor-divider .elementor-divider-separator>.elementor-divider__svg:last-of-type{flex-grow:0;flex-shrink:100}.elementor-widget-divider--element-align-right .elementor-divider-separator:after{content:none}.elementor-widget-divider--element-align-right .elementor-divider__element{margin-right:0}.elementor-widget-divider--element-align-start .elementor-divider .elementor-divider-separator>.elementor-divider__svg:first-of-type{flex-grow:0;flex-shrink:100}.elementor-widget-divider--element-align-start .elementor-divider-separator:before{content:none}.elementor-widget-divider--element-align-start .elementor-divider__element{margin-inline-start:0}.elementor-widget-divider--element-align-end .elementor-divider .elementor-divider-separator>.elementor-divider__svg:last-of-type{flex-grow:0;flex-shrink:100}.elementor-widget-divider--element-align-end .elementor-divider-separator:after{content:none}.elementor-widget-divider--element-align-end .elementor-divider__element{margin-inline-end:0}.elementor-widget-divider:not(.elementor-widget-divider--view-line_text):not(.elementor-widget-divider--view-line_icon) .elementor-divider-separator{border-block-start:var(--divider-border-width) var(--divider-border-style) var(--divider-color)}.elementor-widget-divider--separator-type-pattern{--divider-border-style:none}.elementor-widget-divider--separator-type-pattern.elementor-widget-divider--view-line .elementor-divider-separator,.elementor-widget-divider--separator-type-pattern:not(.elementor-widget-divider--view-line) .elementor-divider-separator:after,.elementor-widget-divider--separator-type-pattern:not(.elementor-widget-divider--view-line) .elementor-divider-separator:before,.elementor-widget-divider--separator-type-pattern:not([class*=elementor-widget-divider--view]) .elementor-divider-separator{width:100%;min-height:var(--divider-pattern-height);-webkit-mask-size:var(--divider-pattern-size) 100%;mask-size:var(--divider-pattern-size) 100%;-webkit-mask-repeat:var(--divider-pattern-repeat);mask-repeat:var(--divider-pattern-repeat);background-color:var(--divider-color);-webkit-mask-image:var(--divider-pattern-url);mask-image:var(--divider-pattern-url)}.elementor-widget-divider--no-spacing{--divider-pattern-size:auto}.elementor-widget-divider--bg-round{--divider-pattern-repeat:round}.rtl .elementor-widget-divider .elementor-divider__text{direction:rtl}.e-con-inner>.elementor-widget-divider,.e-con>.elementor-widget-divider{width:var(--container-widget-width,100%);--flex-grow:var(--container-widget-flex-grow)}<\/style>\t\t<div class=\"elementor-divider\">\n\t\t\t<span class=\"elementor-divider-separator\">\n\t\t\t\t\t\t<\/span>\n\t\t<\/div>\n\t\t\t\t<\/div>\n\t\t\t\t<\/div>\n\t\t\t\t\t<\/div>\n\t\t\t\t<\/div>\n\t\t<div class=\"elementor-element elementor-element-2bccfc4 e-grid e-con-boxed e-con e-parent\" data-id=\"2bccfc4\" data-element_type=\"container\">\n\t\t\t\t\t<div class=\"e-con-inner\">\n\t\t\t\t<div class=\"elementor-element elementor-element-f5a4545 elementor-position-top elementor-widget elementor-widget-image-box\" data-id=\"f5a4545\" data-element_type=\"widget\" data-widget_type=\"image-box.default\">\n\t\t\t\t<div class=\"elementor-widget-container\">\n\t\t\t<style>\/*! elementor - v3.21.0 - 15-04-2024 *\/\n.elementor-widget-image-box .elementor-image-box-content{width:100%}@media (min-width:768px){.elementor-widget-image-box.elementor-position-left .elementor-image-box-wrapper,.elementor-widget-image-box.elementor-position-right .elementor-image-box-wrapper{display:flex}.elementor-widget-image-box.elementor-position-right .elementor-image-box-wrapper{text-align:end;flex-direction:row-reverse}.elementor-widget-image-box.elementor-position-left .elementor-image-box-wrapper{text-align:start;flex-direction:row}.elementor-widget-image-box.elementor-position-top .elementor-image-box-img{margin:auto}.elementor-widget-image-box.elementor-vertical-align-top .elementor-image-box-wrapper{align-items:flex-start}.elementor-widget-image-box.elementor-vertical-align-middle .elementor-image-box-wrapper{align-items:center}.elementor-widget-image-box.elementor-vertical-align-bottom .elementor-image-box-wrapper{align-items:flex-end}}@media (max-width:767px){.elementor-widget-image-box .elementor-image-box-img{margin-left:auto!important;margin-right:auto!important;margin-bottom:15px}}.elementor-widget-image-box .elementor-image-box-img{display:inline-block}.elementor-widget-image-box .elementor-image-box-title a{color:inherit}.elementor-widget-image-box .elementor-image-box-wrapper{text-align:center}.elementor-widget-image-box .elementor-image-box-description{margin:0}<\/style><div class=\"elementor-image-box-wrapper\"><figure class=\"elementor-image-box-img\"><a href=\"https:\/\/jorgejimenez.es\/index.php\/cartel-overcompensate-2\/\" tabindex=\"-1\"><img fetchpriority=\"high\" decoding=\"async\" width=\"1024\" height=\"1024\" src=\"https:\/\/jorgejimenez.es\/wp-content\/uploads\/2024\/06\/Portadilla-Carteleria.png\" class=\"elementor-animation-grow attachment-full size-full wp-image-892\" alt=\"\" srcset=\"https:\/\/jorgejimenez.es\/wp-content\/uploads\/2024\/06\/Portadilla-Carteleria.png 1024w, https:\/\/jorgejimenez.es\/wp-content\/uploads\/2024\/06\/Portadilla-Carteleria-300x300.png 300w, https:\/\/jorgejimenez.es\/wp-content\/uploads\/2024\/06\/Portadilla-Carteleria-150x150.png 150w, https:\/\/jorgejimenez.es\/wp-content\/uploads\/2024\/06\/Portadilla-Carteleria-768x768.png 768w, https:\/\/jorgejimenez.es\/wp-content\/uploads\/2024\/06\/Portadilla-Carteleria-1000x1000.png 1000w, https:\/\/jorgejimenez.es\/wp-content\/uploads\/2024\/06\/Portadilla-Carteleria-230x230.png 230w, https:\/\/jorgejimenez.es\/wp-content\/uploads\/2024\/06\/Portadilla-Carteleria-350x350.png 350w, https:\/\/jorgejimenez.es\/wp-content\/uploads\/2024\/06\/Portadilla-Carteleria-480x480.png 480w\" sizes=\"(max-width: 1024px) 100vw, 1024px\" \/><\/a><\/figure><div class=\"elementor-image-box-content\"><h3 class=\"elementor-image-box-title\"><a href=\"https:\/\/jorgejimenez.es\/index.php\/cartel-overcompensate-2\/\">Cartel Overcompensate<\/a><\/h3><p class=\"elementor-image-box-description\">Cartel inspirado en la canci\u00f3n Overcompensate de Twenty One Pilots.<\/p><\/div><\/div>\t\t<\/div>\n\t\t\t\t<\/div>\n\t\t\t\t\t<\/div>\n\t\t\t\t<\/div>\n\t\t<div class=\"elementor-element elementor-element-0652de4 e-flex e-con-boxed e-con e-parent\" data-id=\"0652de4\" data-element_type=\"container\">\n\t\t\t\t\t<div class=\"e-con-inner\">\n\t\t\t\t<div class=\"elementor-element elementor-element-b28bb96 elementor-widget elementor-widget-spacer\" data-id=\"b28bb96\" data-element_type=\"widget\" data-widget_type=\"spacer.default\">\n\t\t\t\t<div class=\"elementor-widget-container\">\n\t\t\t<style>\/*! elementor - v3.21.0 - 15-04-2024 *\/\n.elementor-column .elementor-spacer-inner{height:var(--spacer-size)}.e-con{--container-widget-width:100%}.e-con-inner>.elementor-widget-spacer,.e-con>.elementor-widget-spacer{width:var(--container-widget-width,var(--spacer-size));--align-self:var(--container-widget-align-self,initial);--flex-shrink:0}.e-con-inner>.elementor-widget-spacer>.elementor-widget-container,.e-con>.elementor-widget-spacer>.elementor-widget-container{height:100%;width:100%}.e-con-inner>.elementor-widget-spacer>.elementor-widget-container>.elementor-spacer,.e-con>.elementor-widget-spacer>.elementor-widget-container>.elementor-spacer{height:100%}.e-con-inner>.elementor-widget-spacer>.elementor-widget-container>.elementor-spacer>.elementor-spacer-inner,.e-con>.elementor-widget-spacer>.elementor-widget-container>.elementor-spacer>.elementor-spacer-inner{height:var(--container-widget-height,var(--spacer-size))}.e-con-inner>.elementor-widget-spacer.elementor-widget-empty,.e-con>.elementor-widget-spacer.elementor-widget-empty{position:relative;min-height:22px;min-width:22px}.e-con-inner>.elementor-widget-spacer.elementor-widget-empty .elementor-widget-empty-icon,.e-con>.elementor-widget-spacer.elementor-widget-empty .elementor-widget-empty-icon{position:absolute;top:0;bottom:0;left:0;right:0;margin:auto;padding:0;width:22px;height:22px}<\/style>\t\t<div class=\"elementor-spacer\">\n\t\t\t<div class=\"elementor-spacer-inner\"><\/div>\n\t\t<\/div>\n\t\t\t\t<\/div>\n\t\t\t\t<\/div>\n\t\t\t\t\t<\/div>\n\t\t\t\t<\/div>\n\t\t\t\t<\/div>\n\t\t","protected":false},"excerpt":{"rendered":"<p>Carteler\u00eda Cartel Overcompensate Cartel inspirado en la canci\u00f3n Overcompensate de Twenty One Pilots.<\/p>\n","protected":false},"author":1,"featured_media":0,"parent":0,"menu_order":0,"comment_status":"closed","ping_status":"closed","template":"elementor_header_footer","meta":{"footnotes":""},"class_list":["post-1334","page","type-page","status-publish","hentry"],"yoast_head":"<!-- This site is optimized with the Yoast SEO plugin v22.4 - https:\/\/yoast.com\/wordpress\/plugins\/seo\/ -->\n<title>Carteler\u00eda - Jorge Jimenez<\/title>\n<meta name=\"robots\" content=\"index, follow, max-snippet:-1, max-image-preview:large, max-video-preview:-1\" \/>\n<link rel=\"canonical\" href=\"https:\/\/jorgejimenez.es\/index.php\/carteleria\/\" \/>\n<meta property=\"og:locale\" content=\"es_ES\" \/>\n<meta property=\"og:type\" content=\"article\" \/>\n<meta property=\"og:title\" content=\"Carteler\u00eda - Jorge Jimenez\" \/>\n<meta property=\"og:description\" content=\"Carteler\u00eda Cartel Overcompensate Cartel inspirado en la canci\u00f3n Overcompensate de Twenty One Pilots.\" \/>\n<meta property=\"og:url\" content=\"https:\/\/jorgejimenez.es\/index.php\/carteleria\/\" \/>\n<meta property=\"og:site_name\" content=\"Jorge Jimenez\" \/>\n<meta property=\"article:modified_time\" content=\"2024-10-28T18:27:00+00:00\" \/>\n<meta property=\"og:image\" content=\"http:\/\/jorgejimenez.es\/wp-content\/uploads\/2024\/06\/Portadilla-Carteleria.png\" \/>\n<meta name=\"twitter:card\" content=\"summary_large_image\" \/>\n<meta name=\"twitter:label1\" content=\"Tiempo de lectura\" \/>\n\t<meta name=\"twitter:data1\" content=\"1 minuto\" \/>\n<script type=\"application\/ld+json\" class=\"yoast-schema-graph\">{\"@context\":\"https:\/\/schema.org\",\"@graph\":[{\"@type\":\"WebPage\",\"@id\":\"https:\/\/jorgejimenez.es\/index.php\/carteleria\/\",\"url\":\"https:\/\/jorgejimenez.es\/index.php\/carteleria\/\",\"name\":\"Carteler\u00eda - Jorge Jimenez\",\"isPartOf\":{\"@id\":\"https:\/\/jorgejimenez.es\/#website\"},\"primaryImageOfPage\":{\"@id\":\"https:\/\/jorgejimenez.es\/index.php\/carteleria\/#primaryimage\"},\"image\":{\"@id\":\"https:\/\/jorgejimenez.es\/index.php\/carteleria\/#primaryimage\"},\"thumbnailUrl\":\"http:\/\/jorgejimenez.es\/wp-content\/uploads\/2024\/06\/Portadilla-Carteleria.png\",\"datePublished\":\"2024-06-07T14:49:01+00:00\",\"dateModified\":\"2024-10-28T18:27:00+00:00\",\"breadcrumb\":{\"@id\":\"https:\/\/jorgejimenez.es\/index.php\/carteleria\/#breadcrumb\"},\"inLanguage\":\"es\",\"potentialAction\":[{\"@type\":\"ReadAction\",\"target\":[\"https:\/\/jorgejimenez.es\/index.php\/carteleria\/\"]}]},{\"@type\":\"ImageObject\",\"inLanguage\":\"es\",\"@id\":\"https:\/\/jorgejimenez.es\/index.php\/carteleria\/#primaryimage\",\"url\":\"https:\/\/jorgejimenez.es\/wp-content\/uploads\/2024\/06\/Portadilla-Carteleria.png\",\"contentUrl\":\"https:\/\/jorgejimenez.es\/wp-content\/uploads\/2024\/06\/Portadilla-Carteleria.png\",\"width\":1024,\"height\":1024},{\"@type\":\"BreadcrumbList\",\"@id\":\"https:\/\/jorgejimenez.es\/index.php\/carteleria\/#breadcrumb\",\"itemListElement\":[{\"@type\":\"ListItem\",\"position\":1,\"name\":\"Portada\",\"item\":\"https:\/\/jorgejimenez.es\/\"},{\"@type\":\"ListItem\",\"position\":2,\"name\":\"Carteler\u00eda\"}]},{\"@type\":\"WebSite\",\"@id\":\"https:\/\/jorgejimenez.es\/#website\",\"url\":\"https:\/\/jorgejimenez.es\/\",\"name\":\"JorgeJimenez\",\"description\":\"\",\"publisher\":{\"@id\":\"https:\/\/jorgejimenez.es\/#\/schema\/person\/f90c6e501ff2468af25d6d56c95bce40\"},\"potentialAction\":[{\"@type\":\"SearchAction\",\"target\":{\"@type\":\"EntryPoint\",\"urlTemplate\":\"https:\/\/jorgejimenez.es\/?s={search_term_string}\"},\"query-input\":\"required name=search_term_string\"}],\"inLanguage\":\"es\"},{\"@type\":[\"Person\",\"Organization\"],\"@id\":\"https:\/\/jorgejimenez.es\/#\/schema\/person\/f90c6e501ff2468af25d6d56c95bce40\",\"name\":\"admin\",\"image\":{\"@type\":\"ImageObject\",\"inLanguage\":\"es\",\"@id\":\"https:\/\/jorgejimenez.es\/#\/schema\/person\/image\/\",\"url\":\"http:\/\/jorgejimenez.es\/wp-content\/uploads\/2024\/04\/cropped-Logo-fabicon-512px.jpg\",\"contentUrl\":\"http:\/\/jorgejimenez.es\/wp-content\/uploads\/2024\/04\/cropped-Logo-fabicon-512px.jpg\",\"width\":512,\"height\":512,\"caption\":\"admin\"},\"logo\":{\"@id\":\"https:\/\/jorgejimenez.es\/#\/schema\/person\/image\/\"},\"sameAs\":[\"http:\/\/jorgejimenez.es\"]}]}<\/script>\n<!-- \/ Yoast SEO plugin. -->","yoast_head_json":{"title":"Carteler\u00eda - Jorge Jimenez","robots":{"index":"index","follow":"follow","max-snippet":"max-snippet:-1","max-image-preview":"max-image-preview:large","max-video-preview":"max-video-preview:-1"},"canonical":"https:\/\/jorgejimenez.es\/index.php\/carteleria\/","og_locale":"es_ES","og_type":"article","og_title":"Carteler\u00eda - Jorge Jimenez","og_description":"Carteler\u00eda Cartel Overcompensate Cartel inspirado en la canci\u00f3n Overcompensate de Twenty One Pilots.","og_url":"https:\/\/jorgejimenez.es\/index.php\/carteleria\/","og_site_name":"Jorge Jimenez","article_modified_time":"2024-10-28T18:27:00+00:00","og_image":[{"url":"http:\/\/jorgejimenez.es\/wp-content\/uploads\/2024\/06\/Portadilla-Carteleria.png"}],"twitter_card":"summary_large_image","twitter_misc":{"Tiempo de lectura":"1 minuto"},"schema":{"@context":"https:\/\/schema.org","@graph":[{"@type":"WebPage","@id":"https:\/\/jorgejimenez.es\/index.php\/carteleria\/","url":"https:\/\/jorgejimenez.es\/index.php\/carteleria\/","name":"Carteler\u00eda - Jorge Jimenez","isPartOf":{"@id":"https:\/\/jorgejimenez.es\/#website"},"primaryImageOfPage":{"@id":"https:\/\/jorgejimenez.es\/index.php\/carteleria\/#primaryimage"},"image":{"@id":"https:\/\/jorgejimenez.es\/index.php\/carteleria\/#primaryimage"},"thumbnailUrl":"http:\/\/jorgejimenez.es\/wp-content\/uploads\/2024\/06\/Portadilla-Carteleria.png","datePublished":"2024-06-07T14:49:01+00:00","dateModified":"2024-10-28T18:27:00+00:00","breadcrumb":{"@id":"https:\/\/jorgejimenez.es\/index.php\/carteleria\/#breadcrumb"},"inLanguage":"es","potentialAction":[{"@type":"ReadAction","target":["https:\/\/jorgejimenez.es\/index.php\/carteleria\/"]}]},{"@type":"ImageObject","inLanguage":"es","@id":"https:\/\/jorgejimenez.es\/index.php\/carteleria\/#primaryimage","url":"https:\/\/jorgejimenez.es\/wp-content\/uploads\/2024\/06\/Portadilla-Carteleria.png","contentUrl":"https:\/\/jorgejimenez.es\/wp-content\/uploads\/2024\/06\/Portadilla-Carteleria.png","width":1024,"height":1024},{"@type":"BreadcrumbList","@id":"https:\/\/jorgejimenez.es\/index.php\/carteleria\/#breadcrumb","itemListElement":[{"@type":"ListItem","position":1,"name":"Portada","item":"https:\/\/jorgejimenez.es\/"},{"@type":"ListItem","position":2,"name":"Carteler\u00eda"}]},{"@type":"WebSite","@id":"https:\/\/jorgejimenez.es\/#website","url":"https:\/\/jorgejimenez.es\/","name":"JorgeJimenez","description":"","publisher":{"@id":"https:\/\/jorgejimenez.es\/#\/schema\/person\/f90c6e501ff2468af25d6d56c95bce40"},"potentialAction":[{"@type":"SearchAction","target":{"@type":"EntryPoint","urlTemplate":"https:\/\/jorgejimenez.es\/?s={search_term_string}"},"query-input":"required name=search_term_string"}],"inLanguage":"es"},{"@type":["Person","Organization"],"@id":"https:\/\/jorgejimenez.es\/#\/schema\/person\/f90c6e501ff2468af25d6d56c95bce40","name":"admin","image":{"@type":"ImageObject","inLanguage":"es","@id":"https:\/\/jorgejimenez.es\/#\/schema\/person\/image\/","url":"http:\/\/jorgejimenez.es\/wp-content\/uploads\/2024\/04\/cropped-Logo-fabicon-512px.jpg","contentUrl":"http:\/\/jorgejimenez.es\/wp-content\/uploads\/2024\/04\/cropped-Logo-fabicon-512px.jpg","width":512,"height":512,"caption":"admin"},"logo":{"@id":"https:\/\/jorgejimenez.es\/#\/schema\/person\/image\/"},"sameAs":["http:\/\/jorgejimenez.es"]}]}},"_links":{"self":[{"href":"https:\/\/jorgejimenez.es\/index.php\/wp-json\/wp\/v2\/pages\/1334"}],"collection":[{"href":"https:\/\/jorgejimenez.es\/index.php\/wp-json\/wp\/v2\/pages"}],"about":[{"href":"https:\/\/jorgejimenez.es\/index.php\/wp-json\/wp\/v2\/types\/page"}],"author":[{"embeddable":true,"href":"https:\/\/jorgejimenez.es\/index.php\/wp-json\/wp\/v2\/users\/1"}],"replies":[{"embeddable":true,"href":"https:\/\/jorgejimenez.es\/index.php\/wp-json\/wp\/v2\/comments?post=1334"}],"version-history":[{"count":30,"href":"https:\/\/jorgejimenez.es\/index.php\/wp-json\/wp\/v2\/pages\/1334\/revisions"}],"predecessor-version":[{"id":1862,"href":"https:\/\/jorgejimenez.es\/index.php\/wp-json\/wp\/v2\/pages\/1334\/revisions\/1862"}],"wp:attachment":[{"href":"https:\/\/jorgejimenez.es\/index.php\/wp-json\/wp\/v2\/media?parent=1334"}],"curies":[{"name":"wp","href":"https:\/\/api.w.org\/{rel}","templated":true}]}}